{"id":6688,"date":"2024-10-13T22:21:13","date_gmt":"2024-10-13T20:21:13","guid":{"rendered":"http:\/\/www.fmpm.uca.ma\/?page_id=6688"},"modified":"2024-10-27T18:42:12","modified_gmt":"2024-10-27T17:42:12","slug":"les-objectifs-de-la-faculte","status":"publish","type":"page","link":"https:\/\/fmpm.uca.ma\/?page_id=6688","title":{"rendered":"LES OBJECTIFS DE LA FACULT\u00c9"},"content":{"rendered":"\t\t<div data-elementor-type=\"wp-page\" data-elementor-id=\"6688\" class=\"elementor elementor-6688\">\n\t\t\t\t\t\t<section class=\"elementor-section elementor-top-section elementor-element elementor-element-1f152a1 elementor-section-full_width elementor-section-height-default elementor-section-height-default elementor-section-column-vertical-align-stretch\" data-id=\"1f152a1\" data-element_type=\"section\">\n\t\t\t\t\t\t<div class=\"elementor-container elementor-column-gap-no\">\n\t\t\t\t\t<div class=\"elementor-column elementor-col-100 elementor-top-column elementor-element elementor-element-7aadad7\" data-id=\"7aadad7\" data-element_type=\"column\">\n\t\t\t<div class=\"elementor-widget-wrap elementor-element-populated\">\n\t\t\t\t\t\t<div class=\"elementor-element elementor-element-fb74d74 bullets-v-align-bottom unicamp-modern-slider-style-04 elementor-widget elementor-widget-tm-modern-slider\" data-id=\"fb74d74\" data-element_type=\"widget\" data-settings=\"{&quot;swiper_items&quot;:&quot;1&quot;,&quot;swiper_items_tablet&quot;:&quot;1&quot;,&quot;swiper_items_mobile&quot;:&quot;1&quot;}\" data-widget_type=\"tm-modern-slider.default\">\n\t\t\t\t<div class=\"elementor-widget-container\">\n\t\t\t\t\t<div class=\"tm-modern-slider\">\n\t\t\t\n\t\t<div class=\"tm-swiper tm-slider-widget pagination-style-01 bullets-horizontal bullets-h-align-right bullets-v-align-bottom slide-layer-transition\" data-lg-items=\"1\" data-lg-gutter=\"0\" data-md-items=\"1\" data-sm-items=\"1\" data-pagination-aligned-by=\"grid\" data-pagination=\"1\" data-loop=\"1\" data-simulate-touch=\"1\" data-speed=\"1000\" data-autoplay=\"5000\" data-effect=\"fade\" data-layer-transition=\"1\" data-fade-effect=\"custom\">\n\t\t\t<div class=\"swiper-inner\">\n\n\t\t\t\t\n\t\t\t\t<div class=\"swiper-container\">\n\t\t\t\t\t<div class=\"swiper-wrapper\">\n\t\t\t\t\t\t\t\t\t<div class=\"swiper-slide elementor-repeater-item-3636b5d unicamp-slide-bg-animation-ken-burns\">\n\t\t\t\t<div class=\"slide-bg-wrap\">\n\t\t\t\t\t<div class=\"slide-bg\"><\/div>\n\t\t\t\t<\/div>\n\t\t\t\t<div class=\"container\">\n\t\t\t\t\t<div class=\"slide-content\">\n\t\t\t\t\t\t<div class=\"slide-layers\">\n\t\t\t\t\t\t\t\t\t\t\t\t\t\t\t<div class=\"slide-layer-wrap\">\n\t\t\t\t\t\t\t\t\t<div class=\"slide-layer\">\n\t\t\t\t\t\t\t\t\t\t\n\t\t\t\t\t\t\t\t\t\t\t\t\t\t\t\t\t\t\t\t\t<div class=\"title-wrap\">\n\t\t\t\t\t\t\t\t\t\t\t\t<h3 class=\"title\"><a class=\"link-secret\" href=\"http:\/\/www.fmpm.uca.ma\/?page_id=4835\">Plateforme d'enseignement Ecampus<\/a><\/h3>\t\t\t\t\t\t\t\t\t\t\t<\/div>\n\t\t\t\t\t\t\t\t\t\t\n\t\t\t\t\t\t\t\t\t\t\t\t\t\t\t\t\t\t\t\t\t<div class=\"description-wrap\">\n\t\t\t\t\t\t\t\t\t\t\t\t<div\n\t\t\t\t\t\t\t\t\t\t\t\t\tclass=\"description\">FMPM @ Ecampus<\/div>\n\t\t\t\t\t\t\t\t\t\t\t<\/div>\n\t\t\t\t\t\t\t\t\t\t\n\t\t\t\t\t\t\t\t\t\t\t\t\t\t\t\t\t\t\t\t\t<div class=\"button-wrap tm-button-wrapper\">\n\t\t\t\t\t\t\t\t\t\t\t\t<a class=\"tm-button style-flat\" href=\"http:\/\/www.fmpm.uca.ma\/?page_id=4835\">\n\t\t\t\t\t\t\t\t\t\t\t\t\t<div class=\"button-content-wrapper\">\n\t\t\t\t\t\t\t\t\t\t\t\t\t\t<span class=\"button-text\">\n\t\t\t\t\t\t\t\t\t\t\t\t\t\t\tLire la suite\t\t\t\t\t\t\t\t\t\t\t\t\t\t<\/span>\n\t\t\t\t\t\t\t\t\t\t\t\t\t<\/div>\n\t\t\t\t\t\t\t\t\t\t\t\t<\/a>\n\t\t\t\t\t\t\t\t\t\t\t<\/div>\n\t\t\t\t\t\t\t\t\t\t\n\t\t\t\t\t\t\t\t\t<\/div>\n\t\t\t\t\t\t\t\t<\/div>\n\t\t\t\t\t\t\t\t\t\t\t\t\t<\/div>\n\t\t\t\t\t<\/div>\n\t\t\t\t<\/div>\n\t\t\t<\/div>\n\t\t\t\t\t\t\t<\/div>\n\t\t\t\t<\/div>\n\n\t\t\t\t\n\t\t\t<\/div>\n\t\t<\/div>\n\t\t\t\t<\/div>\n\t\t\t\t<\/div>\n\t\t\t\t<\/div>\n\t\t\t\t\t<\/div>\n\t\t<\/div>\n\t\t\t\t\t<\/div>\n\t\t<\/section>\n\t\t<div class=\"elementor-element elementor-element-a8be094 e-flex e-con-boxed e-con e-parent\" data-id=\"a8be094\" data-element_type=\"container\">\n\t\t\t\t\t<div class=\"e-con-inner\">\n\t\t\t\t<div class=\"elementor-element elementor-element-3219dbf elementor-invisible elementor-widget elementor-widget-tm-heading\" data-id=\"3219dbf\" data-element_type=\"widget\" data-settings=\"{&quot;_animation&quot;:&quot;unicampFadeInUp&quot;}\" data-widget_type=\"tm-heading.default\">\n\t\t\t\t<div class=\"elementor-widget-container\">\n\t\t\t\t\t<div class=\"tm-modern-heading\">\n\t\t\t\n\t\t\t\t\t<div class=\"heading-primary-wrap\">\n\t\t\t<h2 class=\"heading-primary elementor-heading-title\">Les Objectifs de la Facult\u00e9<\/h2>\t\t<\/div>\n\t\t\n\t\t\t\t    <div class=\"heading-divider\"><\/div>\n\t    \n\t\t\t\t\t<\/div>\n\t\t\t\t<\/div>\n\t\t\t\t<\/div>\n\t\t\t\t\t<\/div>\n\t\t\t\t<\/div>\n\t\t<div class=\"elementor-element elementor-element-34bff3a e-con-full e-flex e-con e-parent\" data-id=\"34bff3a\" data-element_type=\"container\">\n\t\t<div class=\"elementor-element elementor-element-71a5cbb e-flex e-con-boxed e-con e-child\" data-id=\"71a5cbb\" data-element_type=\"container\">\n\t\t\t\t\t<div class=\"e-con-inner\">\n\t\t\t\t<div class=\"elementor-element elementor-element-222b948 elementor-widget elementor-widget-text-editor\" data-id=\"222b948\" data-element_type=\"widget\" data-widget_type=\"text-editor.default\">\n\t\t\t\t<div class=\"elementor-widget-container\">\n\t\t\t<style>\/*! elementor - v3.21.0 - 18-04-2024 *\/\n.elementor-widget-text-editor.elementor-drop-cap-view-stacked .elementor-drop-cap{background-color:#69727d;color:#fff}.elementor-widget-text-editor.elementor-drop-cap-view-framed .elementor-drop-cap{color:#69727d;border:3px solid;background-color:transparent}.elementor-widget-text-editor:not(.elementor-drop-cap-view-default) .elementor-drop-cap{margin-top:8px}.elementor-widget-text-editor:not(.elementor-drop-cap-view-default) .elementor-drop-cap-letter{width:1em;height:1em}.elementor-widget-text-editor .elementor-drop-cap{float:left;text-align:center;line-height:1;font-size:50px}.elementor-widget-text-editor .elementor-drop-cap-letter{display:inline-block}<\/style>\t\t\t\t<h5><strong>Objectifs institutionnels<\/strong><\/h5><p>Le Maroc est confront\u00e9 \u00e0 de nombreux d\u00e9fis socio-d\u00e9mographiques et \u00e9conomiques. Dans ce contexte, la responsabilit\u00e9 sociale de la FMPM est de satisfaire les besoins en mati\u00e8re de sant\u00e9 de la soci\u00e9t\u00e9, tout particuli\u00e8rement ceux de la zone sud du pays : Il s\u2019agit d\u2019assurer, selon l\u2019\u00e9volution de la soci\u00e9t\u00e9 et des besoins de la communaut\u00e9, la formation des m\u00e9decins et pharmaciens g\u00e9n\u00e9ralistes et sp\u00e9cialistes, ainsi que les enseignants de m\u00e9decine et de pharmacie.<\/p><p>Ces professionnels de la sant\u00e9 form\u00e9s par la FMPM devront au terme de leur cursus \u00eatre dot\u00e9s des comp\u00e9tences d\u00e9crites ci-dessous (Cadre de Formation CanMEDS) :\u00a0\u00a0<\/p><ul><li><strong>Expertise m\u00e9dicale<\/strong>: capacit\u00e9 \u00e0 poser les diagnostics m\u00e9dicaux et planifier les interventions diagnostiques et th\u00e9rapeutiques.<\/li><li><strong>Communication<\/strong>:<ul><li>Avoir de bonnes capacit\u00e9s de communication avec les patients, leurs familles, les confr\u00e8res et les collaborateurs.<\/li><li>\u00catre ouvert \u00e0 la communication sociale, et \u00e9tablir des liens avec les partenaires m\u00e9dico-sociaux et institutionnels.<\/li><\/ul><\/li><li><strong>Conception\u00a0:<\/strong> le m\u00e9decin et le pharmacien doit savoir s\u2019inscrire dans des projets innovateurs pour le d\u00e9veloppement de la communaut\u00e9.<\/li><li><strong>Collaboration\u00a0: <\/strong>doit travailler efficacement au sein d\u2019\u00e9quipes et de r\u00e9seaux afin de prodiguer des soins optimaux aux individus et populations.<\/li><li><strong>Gestion\u00a0:<\/strong> \u00eatre capable de g\u00e9rer sa vie personnelle, professionnelle et sa carri\u00e8re et de g\u00e9rer les ressources mat\u00e9rielles disponibles.<\/li><li><strong>Promotion de la sant\u00e9\u00a0:<\/strong> utiliser son expertise et son influence de fa\u00e7on ad\u00e9quate en vue de la promotion de la sant\u00e9 et de la pr\u00e9vention de la maladie.<\/li><li><strong>Professionnalisme\u00a0:<\/strong> assurer son engagement permanent envers la communaut\u00e9 et r\u00e9pondre \u00e0 ses attentes en mati\u00e8re de soins dans le respect de l\u2019int\u00e9grit\u00e9, de l\u2019\u00e9thique et de la d\u00e9ontologie m\u00e9dicale.<\/li><li><strong>\u00c9rudition\u00a0<\/strong>: s\u2019engage dans un processus continu de d\u00e9veloppement de ses comp\u00e9tences professionnelles, impliquant l\u2019utilisation des principes de la d\u00e9marche scientifique et de la pratique r\u00e9flexive dans ses activit\u00e9s d\u2019apprentissage, de recherche et d\u2019enseignement.<\/li><\/ul><p>Pour r\u00e9aliser ses objectifs, la FMPM doit favoriser\u00a0:<\/p><ul><li><strong>La collaboration\u00a0:<\/strong> S\u2019engager et travailler ensemble vers un but commun, tout en reconnaissant la contribution de chacun.<\/li><li><strong>La cr\u00e9ativit\u00e9\u00a0:<\/strong> Chercher \u00e0 mettre de l\u2019avant de nouvelles id\u00e9es ou des innovations dans nos r\u00e9alisations.<\/li><li><strong>L\u2019int\u00e9grit\u00e9\u00a0:<\/strong> Faire preuve d\u2019honn\u00eatet\u00e9 et de transparence dans notre comportement.<\/li><li><strong>Le respect\u00a0:<\/strong> Reconna\u00eetre la personne pour ce qu\u2019elle est et faire preuve d\u2019ouverture quant \u00e0 son apport.<\/li><li><strong>La responsabilit\u00e9 sociale\u00a0:<\/strong> Orienter notre formation, notre recherche et nos services vers les principaux enjeux et probl\u00e8mes de sant\u00e9 des communaut\u00e9s que nous desservons.<\/li><\/ul><h6>\u00a0<\/h6><h6><strong>Les lignes directrices et les principes fondamentaux de notre facult\u00e9<\/strong><\/h6><ul><li>Promouvoir la reconnaissance, la diversit\u00e9 et le sens de responsabilit\u00e9 de tous les acteurs\u00a0: Corps professoral, Personnel administratif, Etudiants et nos Partenaires.<\/li><li>Progresser dans un environnement universitaire participatif, de qualit\u00e9 et adapt\u00e9 aux besoins de notre soci\u00e9t\u00e9.<\/li><li>Encourager l\u2019accroissement du niveau de comp\u00e9tence professionnelle \u00e0 tous les niveaux de notre \u00e9tablissement.<\/li><li>Adopter un mod\u00e8le favorisant le d\u00e9veloppement du sens d\u2019appartenance de tous les acteurs.<\/li><\/ul>\t\t\t\t\t\t<\/div>\n\t\t\t\t<\/div>\n\t\t\t\t\t<\/div>\n\t\t\t\t<\/div>\n\t\t\t\t<\/div>\n\t\t<div class=\"elementor-element elementor-element-e9c3f45 e-flex e-con-boxed e-con e-parent\" data-id=\"e9c3f45\" data-element_type=\"container\">\n\t\t\t\t\t<div class=\"e-con-inner\">\n\t\t\t\t\t<\/div>\n\t\t\t\t<\/div>\n\t\t\t\t<section class=\"elementor-section elementor-top-section elementor-element elementor-element-88cdb44 elementor-section-boxed elementor-section-gap-beside-yes elementor-section-height-default elementor-section-height-default elementor-section-column-vertical-align-stretch\" data-id=\"88cdb44\" data-element_type=\"section\" data-settings=\"{&quot;background_background&quot;:&quot;classic&quot;}\">\n\t\t\t\t\t\t<div class=\"elementor-container elementor-column-gap-extended\">\n\t\t\t\t\t<div class=\"elementor-column elementor-col-100 elementor-top-column elementor-element elementor-element-ad1d843\" data-id=\"ad1d843\" data-element_type=\"column\">\n\t\t\t<div class=\"elementor-widget-wrap elementor-element-populated\">\n\t\t\t\t\t\t<div class=\"elementor-element elementor-element-d7d0d9e elementor-widget elementor-widget-spacer\" data-id=\"d7d0d9e\" data-element_type=\"widget\" data-widget_type=\"spacer.default\">\n\t\t\t\t<div class=\"elementor-widget-container\">\n\t\t\t<style>\/*! elementor - v3.21.0 - 18-04-2024 *\/\n.elementor-column .elementor-spacer-inner{height:var(--spacer-size)}.e-con{--container-widget-width:100%}.e-con-inner>.elementor-widget-spacer,.e-con>.elementor-widget-spacer{width:var(--container-widget-width,var(--spacer-size));--align-self:var(--container-widget-align-self,initial);--flex-shrink:0}.e-con-inner>.elementor-widget-spacer>.elementor-widget-container,.e-con>.elementor-widget-spacer>.elementor-widget-container{height:100%;width:100%}.e-con-inner>.elementor-widget-spacer>.elementor-widget-container>.elementor-spacer,.e-con>.elementor-widget-spacer>.elementor-widget-container>.elementor-spacer{height:100%}.e-con-inner>.elementor-widget-spacer>.elementor-widget-container>.elementor-spacer>.elementor-spacer-inner,.e-con>.elementor-widget-spacer>.elementor-widget-container>.elementor-spacer>.elementor-spacer-inner{height:var(--container-widget-height,var(--spacer-size))}.e-con-inner>.elementor-widget-spacer.elementor-widget-empty,.e-con>.elementor-widget-spacer.elementor-widget-empty{position:relative;min-height:22px;min-width:22px}.e-con-inner>.elementor-widget-spacer.elementor-widget-empty .elementor-widget-empty-icon,.e-con>.elementor-widget-spacer.elementor-widget-empty .elementor-widget-empty-icon{position:absolute;top:0;bottom:0;left:0;right:0;margin:auto;padding:0;width:22px;height:22px}<\/style>\t\t<div class=\"elementor-spacer\">\n\t\t\t<div class=\"elementor-spacer-inner\"><\/div>\n\t\t<\/div>\n\t\t\t\t<\/div>\n\t\t\t\t<\/div>\n\t\t\t\t<div class=\"elementor-element elementor-element-1b4004c elementor-invisible elementor-widget elementor-widget-tm-heading\" data-id=\"1b4004c\" data-element_type=\"widget\" data-settings=\"{&quot;_animation&quot;:&quot;unicampFadeInUp&quot;}\" data-widget_type=\"tm-heading.default\">\n\t\t\t\t<div class=\"elementor-widget-container\">\n\t\t\t\t\t<div class=\"tm-modern-heading\">\n\t\t\t\n\t\t\t\t\t<div class=\"heading-primary-wrap\">\n\t\t\t<h2 class=\"heading-primary elementor-heading-title\"><a href=\"http:\/\/www.fmpm.uca.ma\/?page_id=46\">Actualit\u00e9s FMPM <\/a><\/h2>\t\t<\/div>\n\t\t\n\t\t\t\t    <div class=\"heading-divider\"><\/div>\n\t    \n\t\t\t\t\t<\/div>\n\t\t\t\t<\/div>\n\t\t\t\t<\/div>\n\t\t\t\t<div class=\"elementor-element elementor-element-8df8be8 elementor-align-center elementor-mobile-align-left elementor-invisible elementor-widget elementor-widget-tm-button\" data-id=\"8df8be8\" data-element_type=\"widget\" data-settings=\"{&quot;_animation&quot;:&quot;unicampFadeInUp&quot;}\" data-widget_type=\"tm-button.default\">\n\t\t\t\t<div class=\"elementor-widget-container\">\n\t\t\t\t\t<div class=\"tm-button-wrapper\">\n\t\t\t<a href=\"http:\/\/www.fmpm.uca.ma\/?page_id=46\" class=\"tm-button-link tm-button style-flat tm-button-nm icon-right\" role=\"button\">\n\t\t\t\t\t\t<div class=\"button-content-wrapper\">\n\t\t\t\n\t\t\t\t\t\t\t<span class=\"button-text\">Lire la suite<\/span>\n\t\t\t\n\t\t\t\t\t\t\t<span class=\"button-icon\">\n\t\t\t\t\t<i class=\"fas fa-long-arrow-right\"><\/i>\t\t\t\t<\/span>\n\t\t\t\t\t<\/div>\n\t\t\n\t\t\t\t\t\t\t<\/a>\n\t\t<\/div>\n\t\t\t\t<\/div>\n\t\t\t\t<\/div>\n\t\t\t\t<div class=\"elementor-element elementor-element-ee5808f elementor-widget elementor-widget-spacer\" data-id=\"ee5808f\" data-element_type=\"widget\" data-widget_type=\"spacer.default\">\n\t\t\t\t<div class=\"elementor-widget-container\">\n\t\t\t\t\t<div class=\"elementor-spacer\">\n\t\t\t<div class=\"elementor-spacer-inner\"><\/div>\n\t\t<\/div>\n\t\t\t\t<\/div>\n\t\t\t\t<\/div>\n\t\t\t\t\t<\/div>\n\t\t<\/div>\n\t\t\t\t\t<\/div>\n\t\t<\/section>\n\t\t<div class=\"elementor-element elementor-element-c84863d e-flex e-con-boxed e-con e-parent\" data-id=\"c84863d\" data-element_type=\"container\">\n\t\t\t\t\t<div class=\"e-con-inner\">\n\t\t\t\t<div class=\"elementor-element elementor-element-8e07258 elementor-widget elementor-widget-spacer\" data-id=\"8e07258\" data-element_type=\"widget\" data-widget_type=\"spacer.default\">\n\t\t\t\t<div class=\"elementor-widget-container\">\n\t\t\t\t\t<div class=\"elementor-spacer\">\n\t\t\t<div class=\"elementor-spacer-inner\"><\/div>\n\t\t<\/div>\n\t\t\t\t<\/div>\n\t\t\t\t<\/div>\n\t\t\t\t\t<\/div>\n\t\t\t\t<\/div>\n\t\t\t\t<\/div>\n\t\t","protected":false},"excerpt":{"rendered":"<p>Plateforme d&rsquo;enseignement Ecampus FMPM @ Ecampus Lire la suite Les Objectifs de la Facult\u00e9 Objectifs institutionnels Le Maroc est confront\u00e9 \u00e0 de nombreux d\u00e9fis socio-d\u00e9mographiques et \u00e9conomiques. Dans ce contexte, la responsabilit\u00e9 sociale de la FMPM est de satisfaire les besoins en mati\u00e8re de sant\u00e9 de la soci\u00e9t\u00e9, tout particuli\u00e8rement ceux de la zone sud du pays : Il s\u2019agit d\u2019assurer, selon l\u2019\u00e9volution de la soci\u00e9t\u00e9 et des besoins de la communaut\u00e9, la formation des m\u00e9decins et pharmaciens g\u00e9n\u00e9ralistes et sp\u00e9cialistes, ainsi que les enseignants de m\u00e9decine et de pharmacie. Ces professionnels de la sant\u00e9 form\u00e9s par la FMPM devront au terme de leur cursus \u00eatre dot\u00e9s des comp\u00e9tences d\u00e9crites ci-dessous (Cadre de Formation CanMEDS) :\u00a0\u00a0 Expertise m\u00e9dicale: capacit\u00e9 \u00e0 poser les diagnostics m\u00e9dicaux et planifier les interventions diagnostiques et th\u00e9rapeutiques. Communication: Avoir de bonnes capacit\u00e9s de communication avec les patients, leurs familles, les confr\u00e8res et les collaborateurs. \u00catre ouvert \u00e0 la communication sociale, et \u00e9tablir des liens avec les partenaires m\u00e9dico-sociaux et institutionnels. Conception\u00a0: le m\u00e9decin et le pharmacien doit savoir s\u2019inscrire dans des projets innovateurs pour le d\u00e9veloppement de la communaut\u00e9. Collaboration\u00a0: doit travailler efficacement au sein d\u2019\u00e9quipes et de r\u00e9seaux afin de prodiguer des soins optimaux aux individus et populations. Gestion\u00a0: \u00eatre capable de g\u00e9rer sa vie personnelle, professionnelle et sa carri\u00e8re et de g\u00e9rer les ressources mat\u00e9rielles disponibles. Promotion de la sant\u00e9\u00a0: utiliser son expertise et son influence de fa\u00e7on ad\u00e9quate en vue de la promotion de la sant\u00e9 et de la pr\u00e9vention de la maladie. Professionnalisme\u00a0: assurer son engagement permanent envers la communaut\u00e9 et r\u00e9pondre \u00e0 ses attentes en mati\u00e8re de soins dans le respect de l\u2019int\u00e9grit\u00e9, de l\u2019\u00e9thique et de la d\u00e9ontologie m\u00e9dicale. \u00c9rudition\u00a0: s\u2019engage dans un processus continu de d\u00e9veloppement de ses comp\u00e9tences professionnelles, impliquant l\u2019utilisation des principes de la d\u00e9marche scientifique et de la pratique r\u00e9flexive dans ses activit\u00e9s d\u2019apprentissage, de recherche et d\u2019enseignement. Pour r\u00e9aliser ses objectifs, la FMPM doit favoriser\u00a0: La collaboration\u00a0: S\u2019engager et travailler ensemble vers un but commun, tout en reconnaissant la contribution de chacun. La cr\u00e9ativit\u00e9\u00a0: Chercher \u00e0 mettre de l\u2019avant de nouvelles id\u00e9es ou des innovations dans nos r\u00e9alisations. L\u2019int\u00e9grit\u00e9\u00a0: Faire preuve d\u2019honn\u00eatet\u00e9 et de transparence dans notre comportement. Le respect\u00a0: Reconna\u00eetre la personne pour ce qu\u2019elle est et faire preuve d\u2019ouverture quant \u00e0 son apport. La responsabilit\u00e9 sociale\u00a0: Orienter notre formation, notre recherche et nos services vers les principaux enjeux et probl\u00e8mes de sant\u00e9 des communaut\u00e9s que nous desservons. \u00a0 Les lignes directrices et les principes fondamentaux de notre facult\u00e9 Promouvoir la reconnaissance, la diversit\u00e9 et le sens de responsabilit\u00e9 de tous les acteurs\u00a0: Corps professoral, Personnel administratif, Etudiants et nos Partenaires. Progresser dans un environnement universitaire participatif, de qualit\u00e9 et adapt\u00e9 aux besoins de notre soci\u00e9t\u00e9. Encourager l\u2019accroissement du niveau de comp\u00e9tence professionnelle \u00e0 tous les niveaux de notre \u00e9tablissement. Adopter un mod\u00e8le favorisant le d\u00e9veloppement du sens d\u2019appartenance de tous les acteurs. Actualit\u00e9s FMPM Lire la suite<\/p>\n","protected":false},"author":2,"featured_media":0,"parent":0,"menu_order":0,"comment_status":"closed","ping_status":"closed","template":"","meta":{"footnotes":""},"class_list":["post-6688","page","type-page","status-publish","hentry","post-no-thumbnail"],"rttpg_featured_image_url":null,"rttpg_author":{"display_name":"FMPM","author_link":"https:\/\/fmpm.uca.ma\/?author=2"},"rttpg_comment":0,"rttpg_category":null,"rttpg_excerpt":"Plateforme d&rsquo;enseignement Ecampus FMPM @ Ecampus Lire la suite Les Objectifs de la Facult\u00e9 Objectifs institutionnels Le Maroc est confront\u00e9 \u00e0 de nombreux d\u00e9fis socio-d\u00e9mographiques et \u00e9conomiques. Dans ce contexte, la responsabilit\u00e9 sociale de la FMPM est de satisfaire les besoins en mati\u00e8re de sant\u00e9 de la soci\u00e9t\u00e9, tout particuli\u00e8rement ceux de la zone sud\u2026","_links":{"self":[{"href":"https:\/\/fmpm.uca.ma\/index.php?rest_route=\/wp\/v2\/pages\/6688","targetHints":{"allow":["GET"]}}],"collection":[{"href":"https:\/\/fmpm.uca.ma\/index.php?rest_route=\/wp\/v2\/pages"}],"about":[{"href":"https:\/\/fmpm.uca.ma\/index.php?rest_route=\/wp\/v2\/types\/page"}],"author":[{"embeddable":true,"href":"https:\/\/fmpm.uca.ma\/index.php?rest_route=\/wp\/v2\/users\/2"}],"replies":[{"embeddable":true,"href":"https:\/\/fmpm.uca.ma\/index.php?rest_route=%2Fwp%2Fv2%2Fcomments&post=6688"}],"version-history":[{"count":16,"href":"https:\/\/fmpm.uca.ma\/index.php?rest_route=\/wp\/v2\/pages\/6688\/revisions"}],"predecessor-version":[{"id":7920,"href":"https:\/\/fmpm.uca.ma\/index.php?rest_route=\/wp\/v2\/pages\/6688\/revisions\/7920"}],"wp:attachment":[{"href":"https:\/\/fmpm.uca.ma\/index.php?rest_route=%2Fwp%2Fv2%2Fmedia&parent=6688"}],"curies":[{"name":"wp","href":"https:\/\/api.w.org\/{rel}","templated":true}]}}